, -669 = -3*j + 3*d. Let t(m) = -3*m**2 - 111*m - 88. Let p be t(-36). What is the greatest common factor of p and j?
20
Let n be (-1 - -24) + -2 + 5. Let j be (3/(-9))/((-3)/36). Let p(x) = 2*x**3 - x**2 - x - 4. Let b be p(j). Calculate the highest common factor of b and n.
26
Suppose -244 = -3*c + 2*x, 165*c + 170 = 167*c - 5*x. Suppose 0 = 3*n - 1383 - 1617. What is the greatest common divisor of c and n?
40
Suppose -5*m + 373 + 122 = 0. Suppose 0*g = -2*g - 12. Let s = g + 17. Calculate the highest common factor of m and s.
11
Suppose -595 = -5*h + 5*i, -13*h + 3*i + 1013 + 514 = 0. Let s be 6*3*(-26)/(-3). What is the highest common divisor of h and s?
39
Let z be 1/(-2) + 1 + 559/2. Let n(q) = -22*q**2 - 133*q - 3. Let a be n(-5). What is the highest common factor of z and a?
56
Let g be (-4178)/11 + 3/(132/(-8)). Let x = g - -695. What is the highest common factor of x and 135?
45
Let r = -34458 + 36780. Calculate the greatest common divisor of r and 344.
86
Let g(u) = -25*u - 67. Let l be g(-5). Suppose 69*b = l*b + 715. Suppose -3*s - s - 40 = -4*c, -c + 7 = -2*s. What is the greatest common divisor of b and c?
13
Let i(t) = 32*t - 58. Let q be i(10). Calculate the greatest common factor of 1441 and q.
131
Suppose 27*c - 1208 = 25*c. Let x = c - 592. Calculate the greatest common divisor of x and 44.
4
Let l(r) = -2*r - 17. Let u be l(-11). Suppose o = -0*n + 2*n + 34, 5*n = -u*o + 230. Let g = -15 + o. Calculate the highest common factor of g and 135.
27
Let u(s) = s**2 - 448*s + 36267. Let k be u(342). Suppose 3*i + 72 = 3*d, 4*d - 26 - 42 = -3*i. Calculate the highest common divisor of d and k.
5
Let y = 102 - 59. Let h(w) = w**3 - 10*w**2 - 13*w + 49. Let z be h(13). Calculate the highest common divisor of z and y.
43
Suppose -12*a + 501 = -33 - 222. What is the greatest common factor of 279 and a?
9
Suppose 120*u = 2003 + 997. Calculate the highest common divisor of u and 3305.
5
Let u(x) = 14*x - 2. Let f be u(4). Let z = -811 + 835. Calculate the highest common divisor of f and z.
6
Let l be (-8)/20 + -1 - (2 - 42/5). Let d(a) = -a**2 + 24*a - 15. Let m be d(10). What is the greatest common divisor of l and m?
5
Suppose -101*y - 812 = -130*y. Let u = 136 + -66. What is the greatest common divisor of y and u?
14
Let q(z) = -3*z**2 + 38*z + 9. Let w be q(7). Calculate the highest common divisor of w and 152.
8
Let t = -3942 - -4163. Calculate the greatest common divisor of t and 26.
13
Let k = 10 - -33. Let j = -328 - -539. Let n = j - -90. What is the highest common factor of n and k?
43
Suppose 0 = 5*f + 3*i - 222, 112*i - 1 = 113*i. Let h be 12*(-100)/(-6) - -3. Let w = f + h. What is the highest common divisor of w and 62?
62
Suppose 0 = -5*v + 13 + 32. Let m(r) = 30*r**2 + 86*r + 24. Let o be m(-3). What is the highest common factor of o and v?
9
Let j be 271/((5 - -2)/7). Let x = -225 + j. What is the greatest common divisor of x and 414?
46
Suppose 0 = -2*c + 4*c - 5*k + 21, -c - 33 = 5*k. Let f be (84/c)/((-3)/(-18)). Let p = -4 - f. What is the greatest common divisor of 12 and p?
12
Suppose 20 = 3*z - 8*z. Let f = z + -1. Let x be f*(-16 - 0) - (2 + -2). Calculate the greatest common divisor of x and 8.
8
Suppose u + 225*v = 223*v + 60, 2*v = -4*u + 276. Calculate the highest common factor of 15552 and u.
72
Let b(k) = -k**3 + 7*k**2 + 2*k - 6. Let q be b(7). Let s = 622 + -372. Let r = -249 + s. What is the greatest common factor of r and q?
1
Suppose -2*s + 3*h + 0*h = -35, 30 = 4*s + 2*h. Suppose -2*k + 20 = f, -63*f + 60*f + 100 = -2*k. What is the greatest common divisor of s and f?
10
Let i = 24 - 20. Let a be (11/(-3))/(i/(-12)). What is the greatest common factor of 88 and a?
11
Let i be 78 - 9/4*(-24)/(-18). Suppose -39 = -3*h + 2*a, -4*h - 5*a = -2*h - 45. What is the highest common divisor of i and h?
15
Let g(w) = -11*w + 17. Let p be g(3). Let s = 152 + p. What is the greatest common divisor of 17 and s?
17
Let c(t) = -7*t + 6*t - t. Let q be c(-1). Let u be -4 - (7 - 7) - -8. What is the greatest common divisor of u and q?
2
Let r be (-23)/(1 + (-4 - (-300)/102)). Suppose 0 = -12*f + 1039 - r. What is the highest common factor of f and 90?
18
Suppose 0 = -7*p + 42 + 77. Suppose p*f - 25*f = -616. What is the highest common divisor of f and 77?
77
Let x = -490 - -908. Suppose 8*y - 23*y = -570. What is the greatest common factor of y and x?
38
Let f = -2038 - -3567. What is the greatest common divisor of f and 417?
139
Let d = 168 + -133. Suppose 0 = -c - 4*t + 6 - 16, 5*c = -3*t + d. Calculate the highest common factor of c and 230.
10
Let r be 4 - ((-171)/1881)/((-1)/(-11)). Suppose -m = -4*k + 53, 7 = 3*m - 2. Calculate the greatest common divisor of k and r.
1
Suppose -2*l = 89 + 67. Let a = -22 - l. Suppose -4*p + p = -4*n - 85, 0 = -2*p + 2*n + a. What is the highest common factor of 9 and p?
9
Let n be -3 + (-62)/(-22) - 35/((-3850)/9040). What is the greatest common divisor of n and 1763?
41
Suppose 80*y - 2926 = -1086. Calculate the highest common divisor of 2783 and y.
23
Let a be (-1 + 2)/((-191)/(-173428)). Calculate the highest common divisor of 4 and a.
4
Suppose 91*j + 491 = 7453 + 2502. Let p(g) = -g**3 + 7*g**2 + 4. Let r be p(7). Suppose 0 = -r*s + 36 + 16. What is the highest common divisor of s and j?
13
Suppose 2*k - 10 = 0, 4*r + 0*r - 152 = -4*k. Suppose -154*b = -6429 - 13899. What is the greatest common factor of r and b?
33
Let r = 116 + -62. Suppose 0 = 3*g + 2*g - 5. Let u be (g/5 - 2)/(18/(-90)). Calculate the highest common divisor of r and u.
9
Suppose -8*b - 3 = 21. Let z(s) = -100*s - 125. Let k be z(b). What is the greatest common divisor of 10 and k?
5
Let x(q) = q**3 + 5*q**2 - 3*q + 1. Let i = 109 + -190. Let n = i - -76. Let h be x(n). Calculate the greatest common factor of 24 and h.
8
Suppose 5*z - 8 = 7. Suppose z*o - 156 = 3*v, -6*v = -2*v - 4. Calculate the greatest common factor of o and 212.
53
Let p be ((-8)/((-16)/(-6)))/(-9)*(2 + 28). What is the greatest common divisor of p and 175?
5
Let p be (-10 - -141) + -15 + (-4)/1. What is the greatest common divisor of p and 208?
16
Let t be 0/(-2) - (2525/(-5) + (-1 - -2)). Calculate the greatest common factor of t and 189.
63
Let j = 7241 + -7229. What is the greatest common divisor of j and 708?
12
Suppose 2181*u - 2170*u - 4488 = 0. Calculate the greatest common factor of 1920 and u.
24
Let m(w) = -5*w - 7. Suppose -18 + 24 = 2*r. Let o(d) = -2*d**2 + 17*d - 40. Let a be o(r). Let u be m(a). Calculate the greatest common divisor of 7 and u.
7
Suppose 52*a - 8730 = 120*a - 553*a. What is the highest common divisor of 882 and a?
18
Suppose -36688 = -3*z + 5*i, -1 = 9*i - 10*i. What is the greatest common factor of 302 and z?
151
Suppose 869 = -14*q + 25*q. Suppose 3*z = -2*k + 23 + q, -2*k + 4*z = -74. What is the highest common divisor of k and 12?
3
Let q(p) = p**3 + 18*p**2 + 23*p - 88. Let w be q(-12). What is the highest common factor of 36 and w?
4
Let i be -5 + 6699/49 + -6 + (-132)/(-21). Calculate the highest common divisor of i and 396.
132
Let s = 500 + -211. Let v(m) = m**2 - 19. Let i be v(-6). Calculate the highest common divisor of s and i.
17
Let l(b) = 2700*b - 2688*b - 8*b**2 - 9*b**2 - b**3 + 32. Let s be l(-18). Calculate the highest common divisor of s and 120.
20
Let g = 64 + -13. Let v be (g/(-34))/(2/(-4)). Suppose -8*u + 54 = -v*u + 2*n, 5*u - 45 = -5*n. Calculate the highest common factor of u and 24.
12
Let d(k) = -6*k**2 + 303*k - 345. Let v be d(49). Calculate the highest common divisor of v and 324.
12
Suppose 4*u = 3*d - 2*d + 14, 0 = 4*d + 3*u + 18. Let w be d/(-14) - 5016/(-56). Suppose -9*m + 10*m = w. What is the highest common factor of 60 and m?
30
Let m(s) = -s**3 - 10*s**2 - 11. Let d be m(-10). Let l = -8 - d. Let j be 2/3 - (-244)/12. What is the greatest common divisor of l and j?
3
Let z = -19089 + 19480. Calculate the highest common factor of z and 850.
17
Let g(b) = -70*b**2 - 1030*b + 35. Let l be g(-13). What is the highest common factor of l and 10?
5
Let v be 336/9 + 8/(-24). Let q = 444 - 2. Let d = q - 146. What is the highest common divisor of v and d?
37
Suppose 0 = 4793*i - 4673*i - 1200. Suppose 4*y = 3*y + 310. What is the highest common factor of i and y